posite number?
True
Suppose -12*b - 67*b = -269893 - 946786. Is b a composite number?
False
Let z(t) = -41*t + 639. Is z(-52) a composite number?
True
Let l(i) = 12*i + 132. Let d be l(-5). Is (-4)/d*6*(-20118)/2 prime?
False
Suppose 0 = -0*p + 3*p - 3*x - 1749, -p + 578 = 4*x. Suppose -5*b = -2*q + 4*q - p, -2*q + 582 = -3*b. Is (q - -7)/(-3*2/(-39)) a prime number?
False
Suppose 0 = -4*s + 6*s + 2, 2*h = -3*s + 10797. Let u be (-1 - -2)/(9/h). Let w = u - 397. Is w a composite number?
True
Suppose -5*y - 55188 = -4*z, 0 = 23*z - 27*z + 2*y + 55188. Suppose -z = -w + 7030. Is w prime?
False
Suppose -83*s - 43*s + 94*s = -11170144. Is s composite?
True
Let h(q) = -1254*q**2 - 11*q - 8. Let k(t) = 836*t**2 + 4*t + 3 + 2 + 3*t. Let f(i) = 5*h(i) + 8*k(i). Is f(1) a prime number?
True
Suppose -5*r - 21814 = -3*m, 2*m - 17*r = -22*r + 14601. Is m composite?
False
Let a = 446819 + -242686. Is a a composite number?
False
Let x be -2*((-1757)/2 + 0). Let g(s) = -s**2 - 52*s - 51. Let c be g(-61). Let b = x + c. Is b prime?
False
Suppose -j - 3*j = 2*z - 10, -5*j = 5*z. Let b be -1 + -1 + j + (-1 - 0). Suppose 0 = 4*n - b*y - 3408, -2*n - 3*y = -5*y - 1702. Is n prime?
True
Suppose -5*r + 484320 = -5*y, -2*r + 565*y - 560*y + 193731 = 0. Is r composite?
True
Suppose -1776943 = -45*i + 5477462. Is i prime?
False
Suppose 38*n - 7814637 = 11*n. Suppose 45*f - 399294 = n. Is f a composite number?
True
Suppose 121 = 3*r - i - 38, 4*r - 5*i = 201. Suppose -5*g + 4*g - 722 = -3*m, 0 = 4*m + 4*g - 936. Let n = m - r. Is n a prime number?
False
Suppose -d - 2*i + 118721 = 0, -44*i + 42*i = 5*d - 593653. Is d composite?
True
Let f be -2*((-34)/12 - (-2)/6). Suppose -c = -f*c + 8. Suppose 3*r + 2*b - 516 = -r, -c*b - 663 = -5*r. Is r composite?
False
Let c(o) = -1171*o - 1286. Is c(-7) prime?
True
Suppose 12*r - 287319 = 234165. Is r composite?
False
Let q = 0 + -3. Let r be (2 + 8*-1)*q/6. Suppose 356 = r*b + 3*f - 1771, 4*f = 8. Is b prime?
False
Let y(z) be the second derivative of 1295*z**3/6 + z**2 - 14*z. Let a be y(1). Suppose 5*v - 5*l = -82 + a, 5*v + l = 1239. Is v a prime number?
False
Let a(y) be the second derivative of 2*y**5/5 + y**4/4 - 16*y**3/3 + 2*y**2 - 176*y. Is a(11) composite?
False
Let v(b) = -31*b - 1175. Let r be v(-41). Let z(s) = 478*s**2 - 1. Let l be z(1). Suppose -r = m - l. Is m prime?
False
Let o be 24/(-14)*(-133)/38. Is (-2)/o - (-4 + (-7518)/9) a prime number?
True
Let t = -988371 - -1412402. Is t composite?
True
Let m(n) = -9*n - 248. Let b be m(-26). Let k(f) = -111*f + 269. Is k(b) prime?
True
Let h(f) = -57*f**3 - 6*f - 7. Suppose -3*b = -18 - 129. Let z = -53 + b. Is h(z) a composite number?
True
Is ((-18)/(-27) + 0)*8121 composite?
True
Let h(y) = -7902*y + 10733. Is h(-38) a composite number?
False
Suppose 161855 = -3*x - x + 906099. Is x composite?
True
Let p(b) = -b - 23. Let d be p(-24). Is d/(-7) - (-831584)/182 prime?
False
Let j(n) = 12961*n**2 + 15*n + 58. Let d be j(-7). Suppose 0 = -90*s + 32*s + d. Is s prime?
True
Let h be 2/(-10)*-33 + 45/(-75). Suppose -3*n = -h*s + 11*s - 1898, 4*n - 4 = 0. Is s a prime number?
True
Let o(s) = -3*s**3 + 4*s**2 - 28*s + 28. Let t be o(11). Let n = t - -5704. Is n a prime number?
False
Let g(z) = z**3 - 7*z**2 - z + 9. Let k be g(7). Let v(o) = -2*o**2 + 3*o + 8 + 8*o**k - 12*o. Is v(5) a prime number?
True
Let b = 484 + -458. Suppose -27*u - 2 = -b*u, -5*d + 547015 = 5*u. Is d prime?
False
Let y = -354 + 434. Suppose y*o - 28194 = 74*o. Is o prime?
False
Let p be 69036/(-39) + (-1)/(52/(-8)). Let u = 3821 + p. Is u prime?
False
Let n be (-72)/90*(-10)/4. Suppose 2*f = 47 + 57. Suppose -54 - f = -n*g. Is g prime?
True
Let t(q) = 28131*q - 4634. Is t(25) a composite number?
False
Suppose 4*g - 53738 = -2*b, 3*b - 16*g + 12*g = 80567. Is b composite?
False
Let h(b) = -945*b + 5. Let k be h(-5). Let j be (-51462)/16 - (-34)/((-272)/(-3)). Let a = j + k. Is a a composite number?
True
Suppose 0 = 72*o - 20*o + 15*o - 63181. Is o a prime number?
False
Let w(c) = 89*c**2 + 1 + 0*c**2 + 4*c**2. Let r be 4/(-5) + (-42)/35. Is w(r) a composite number?
False
Let h be 1*(-2 - -5) - -1097. Let x = 814 + h. Let k = x - 725. Is k a composite number?
True
Suppose -4*s - 5*i + 18 + 1 = 0, -2*s = i - 17. Let c = s - 17. Let k(o) = -144*o + 43. Is k(c) a prime number?
True
Let q be 198/(-11)*(-2)/(-6). Is 153/q*-34 - (-2 + 0) prime?
False
Suppose 0 = 4*l + 2*s - 4, 2*l + 4*s - 6*s - 8 = 0. Is 171776/77 + l/14 composite?
True
Suppose -20*r - 4793477 = -56*r + 23*r. Is r a composite number?
False
Let d = -410 - -413. Suppose -2*b - d*v = -33761, 0 = -17*b + 15*b - 4*v + 33762. Is b a prime number?
True
Let r(w) = w**3 - 16*w**2 + 34*w + 38. Suppose -t + a + 12 = 0, -5 = t + a - 23. Is r(t) prime?
False
Suppose 0 = -29*l + 24*l - 12005. Let n = 3960 + l. Is n a prime number?
True
Suppose 5*r + 3*k = 1534180, -5*r - 3*k = 2*k - 1534170. Is r a prime number?
False
Suppose -2 = 4*x - 2*j, j = x - 2*x + 7. Suppose -x*g = -6, -3*t = -5*t + 5*g + 487. Is t prime?
True
Let i = 18679 - -2454. Is i composite?
True
Let p(v) = 2983*v - 348. Is p(43) composite?
False
Let y = -5351 + 17438. Is (3 - -1)*y/36 a prime number?
False
Let k(u) = -1461*u - 187. Let w(q) = 2923*q + 376. Let d(v) = -9*k(v) - 5*w(v). Is d(-3) a composite number?
False
Suppose 5*u = 1845 + 780. Let o(w) = 2*w**2 - 13*w - 2. Let v be o(14). Let z = u - v. Is z composite?
False
Let p(t) = t**3 - 5*t**2 + 46*t - 859. Is p(27) composite?
False
Let b(v) = v - 7. Let c be b(11). Let g be (c/1 + 1)*1. Suppose -a - g*d + 110 = 0, 0*a - 459 = -4*a - d. Is a composite?
True
Suppose 29*t - 27*t - 4 = 0, 2*t - 36000 = -4*g. Is g prime?
True
Suppose 170*f - p = 169*f + 16722, -4*f = 2*p - 66846. Is f prime?
False
Suppose 0 = -4*y - 7*l + 2*l - 20, -5*l - 20 = -2*y. Suppose 4*n = 4*w + 8503 - 595, 3*n + 5*w - 5899 = y. Is n a composite number?
False
Let t(r) = r**2 + 2*r + 14. Let n = -78 - -91. Let p be t(n). Let c = p + -64. Is c composite?
True
Let m be ((-6)/(-2))/(27/18). Let x be ((-129)/15)/(m/(-10)). Suppose 71 = 3*j - x. Is j composite?
True
Let w be (-279)/27 + ((-4)/(-3) - 1). Is (-1301)/(w/25 + (-2)/(-10)) a composite number?
True
Suppose -848*a - 5616655 = -903*a. Is a a composite number?
False
Suppose -41 = -3*j - 4*k - 2, 2*j - 4*k - 6 = 0. Let r be ((-15)/j)/(((-4)/2)/(-660)). Let u = 1091 + r. Is u a prime number?
True
Suppose 3*d + d = 2*j - 100, 2*d + 110 = 2*j. Suppose -5*k = -0*k + j. Is ((-12)/k)/(2/402) composite?
True
Suppose 120*l - d - 73048 = 117*l, 0 = 2*d + 14. Is l composite?
True
Let y(c) be the second derivative of 137*c**6/180 - 4*c**3 + 9*c. Let x(u) be the second derivative of y(u). Is x(1) prime?
False
Is 9 + (-385)/42 + 1527223/6 a composite number?
False
Suppose -44*v = -1 + 1. Suppose v = -21*f + 150031 + 4298. Is f prime?
True
Let n(r) = -37*r - 8. Let g be n(-16). Suppose -2*k + k = -g. Suppose 0 - k = -a + v, 0 = 3*a - 5*v - 1746. Is a composite?
False
Let b = -132008 - -185153. Suppose b = 77*r - 68*r. Is r composite?
True
Let t = 143149 - 89292. Is t composite?
False
Let k(i) = 43070*i**2 + 213*i + 417. Is k(-2) a prime number?
False
Let z = 359 - -245. Suppose -f + i = -4*i - z, 4*f - 4*i - 2480 = 0. Is f/7 + 2/(-14) a composite number?
False
Suppose -3*i + 931842 = j - 136392, i - 4*j = 356065. Suppose 138155 = 24*k - i. Is k composite?
False
Suppose -4*m - m = -220. Suppose -38 = 3*b - m. Suppose 3*y + 0*r - 213 = -3*r, -3*r = -b*y + 132. Is y a composite number?
True
Let x(i) = 10739*i**2 - 1236*i - 7367. Is x(-6) prime?
False
Let g = -2352 + 2340. Let p(d) = -d**3 - 13*d**2 - 24*d + 17. Let x(q) = 2*q**3 + 27*q**2 + 47*q - 34. Let r(s) = 7*p(s) + 3*x(s). Is r(g) a composite number?
True
Suppose -2*l + 19 = -27. Let n = l - 22. Is (-4422)/(-12)*n*2 a composite number?
True
Suppose -5*u - 5*h = 975 - 281005, -3*h - 112027 = -2*u. Is u a prime number?
True
Let k(s) = 28*s**2 + 36*s - 673. Is k(24) prime?
True
Suppose 0 = 25*q - 21*q - 32. Suppose -3*z + q*z - 5*w - 6150 = 0, 3*w = 2*z - 2463. Is z composite?
True
Let z = 24515 + 16811. Let q = -29279 + z. Is q composite?
True
Let t be 72/6 + 3 - 7. Suppose 107486 = t*p - 210746. Is p a composite number?
False
Let r(s) = s**2 - 5*s. Let i be r(5). Sup